
2, 3
Let j = 409 - 283. What are the prime factors of j?
2, 3, 7
Let d = -10 + 12. Suppose -n + d = -19. List the prime factors of n.
3, 7
Suppose 0 = 8*u - 5*u - 69. What are the prime factors of u?
23
Suppose 2*r = 2 + 6. Let u(q) = -r*q**3 + 5*q**2 + 5*q**3 - 4*q - 3*q. What are the prime factors of u(-6)?
2, 3
Let y be (0 - (0 - 0)) + -3. Let r = y - -6. What are the prime factors of r?
3
Suppose 4*i - 401 = -5*s - 0*s, -173 = -2*i + 3*s. What are the prime factors of i?
2, 47
Suppose -4*s = 2*k - k + 204, 3*k - 5*s = -595. List the prime factors of 8/(-28) + k/(-14).
2, 7
Suppose -18 = -s + 15. Suppose 2*k + 2 = k, -3*h + s = 3*k. What are the prime factors of h?
13
Let h(x) = 6*x + 13. What are the prime factors of h(7)?
5, 11
Let k be ((-21)/(-6))/(2/4). Let w(h) = -4*h + h**3 + 2*h - 5 + 0*h + k*h**2. List the prime factors of w(-7).
3
Let n = 141 - 81. List the prime factors of n.
2, 3, 5
Suppose -4*o = -3*o + 8. Let i be 13 + (-2 - -1*4). Let b = i + o. What are the prime factors of b?
7
Let r(l) = -l + 7. Let c = -12 + 17. What are the prime factors of r(c)?
2
Suppose 0*w - 5*w + 80 = -5*h, -85 = -4*w - 3*h. What are the prime factors of w?
19
Let r = 1 + 1. List the prime factors of r.
2
Let i = -3 + 8. Suppose 0*s = -s + 2*b - 17, 2*b - 53 = i*s. Let g = 15 + s. List the prime factors of g.
2, 3
Suppose 20 = 4*p - 20. Let j(w) = w**3 - 9*w**2 - 11*w + 12. List the prime factors of j(p).
2
Let b(q) = -2*q**3 + q**2 + q. Let y be b(2). What are the prime factors of 43/9 - y/45?
5
Let l = 10 - 6. Let d be 8*(2 - 21/12). Suppose 0 = -l*o + d*b - 1 + 37, 0 = 3*o - b - 26. List the prime factors of o.
2
Let y = 19 + -27. List the prime factors of ((-30)/y)/((-3)/(-8)).
2, 5
Let x(z) = -z + 10. List the prime factors of x(-7).
17
Suppose -116 = 2*i + 4*z, 42 = -2*i + 3*z - 39. List the prime factors of (i/(-15) - 0)*5.
2
Let m = 10 + -5. List the prime factors of ((-10)/2)/(-6 + m).
5
Let h(o) = -o - 3. Let t be h(-3). Suppose p + p = t. Suppose p = -2*n + 7*n - 20. List the prime factors of n.
2
Let k = 7 - 4. What are the prime factors of (k - 0)/(-1) - -8?
5
Suppose -6*t - 483 = -13*t. List the prime factors of t.
3, 23
Suppose 4 = -2*k, 5*g + 4*k = g + 80. List the prime factors of g.
2, 11
Let a(x) = -2*x. Let m(b) = -23*b + 6. Let w(y) = 1. Let o(r) = m(r) - 4*w(r). Let l(q) = 22*a(q) - 2*o(q). What are the prime factors of l(4)?
2
Let p be ((-15)/20)/((-1)/(-60)). Let w = -19 - p. What are the prime factors of w?
2, 13
Suppose 4*t - 6*t = 22. Let z = -2 - t. List the prime factors of z.
3
Suppose 0 = 2*w - 3*k - 72, 0*w = w + k - 31. What are the prime factors of w?
3, 11
Let v be 3/(-1) - (-9 + 6). Let q(w) = w + 7. Let j be q(v). Let a = j + -4. List the prime factors of a.
3
Let a be (0 + -1)*5*1. Let c(x) = -2*x + 5. List the prime factors of c(a).
3, 5
Suppose 5*m = 5*w, -4*m - 3*w - 3 + 24 = 0. List the prime factors of 28/m - 2/(-3).
2, 5
Let c(i) = -36*i + 2. Let h(u) = -37*u + 3. Let j(r) = -5*c(r) + 4*h(r). What are the prime factors of j(1)?
2, 17
Let m = 1 - -13. Let r = -12 + m. What are the prime factors of r?
2
Let k = 150 - 53. List the prime factors of k.
97
Let v(q) = q**2 + 35. Let c be v(0). Let o = 58 - c. What are the prime factors of o?
23
Suppose 3*k - 1369 + 4366 = 0. What are the prime factors of k/(-18)*4/6?
37
Suppose -3*n + 14 = -5*v, -5 + 1 = 4*v. Suppose 0 = -r, -r = n*m + 15 - 51. What are the prime factors of m?
2, 3
Suppose -f - f = -48. Suppose g = 3*g - f. What are the prime factors of g?
2, 3
Suppose 4*b - 151 - 46 = -p, 5*p = 25. What are the prime factors of b?
2, 3
Let k(v) = -v**2 - 5*v + 3. Let x be k(-5). Suppose 3*o + 20 = a + 5*o, -x*o + 41 = 2*a. List the prime factors of a.
2, 11
Let v = 4 - -31. What are the prime factors of v?
5, 7
Suppose 120 = 13*w - 8*w. What are the prime factors of w?
2, 3
Let i(n) = n**2 - 3*n - 5. Suppose 2 = 2*x - 8. Suppose -r - 2*d = -11, x*r - 14 = 3*d + 2. What are the prime factors of i(r)?
5
Suppose 40 = 5*y - 10. List the prime factors of y.
2, 5
Let t(d) = d**3 - 5*d**2 + 2*d + 7. Let k be ((-12)/(-8))/(6/20). List the prime factors of t(k).
17
Let n(d) = d**2 + 7*d - 8. Let v be n(-7). Let s = v - -8. What are the prime factors of s - (0 - (2 - 0))?
2
Suppose 8*x - 15 = 3*x + 2*d, 2*d + 10 = 0. Let o be (x - 4)*(-2)/(-3). List the prime factors of 6 - (o + 4)/1.
2
Suppose -5*v + 3*v = -54. Suppose -2*t - k + v = 0, t + 2*k - 16 = k. Suppose 2*y + 5*w - 14 = 0, -3*y - 2*w + t + 10 = 0. List the prime factors of y.
7
Let b(x) be the first derivative of -9*x + 9/2*x**2 - 2 - 1/3*x**3. List the prime factors of b(7).
5
Suppose 0 = i + 2*x - 28, 2*i - 6*i - x + 105 = 0. Suppose -2*d + i = 5*a, d - 2*d + 15 = 3*a. List the prime factors of d.
3
Suppose 4*l + 2*p - 28 = 0, -2 - 10 = -3*p. Suppose -6 = l*i - 26. Let g = i + 4. List the prime factors of g.
2
Suppose -2*t + 705 = 3*r + t, 3*r - 3*t = 681. What are the prime factors of r?
3, 7, 11
Suppose -m - 4*f = -12, 5*f - 10 - 5 = 5*m. Let g = 12 + m. List the prime factors of g.
2, 3
Suppose -y - 2*y - 4*u + 437 = 0, -3*y + 5*u + 392 = 0. What are the prime factors of y?
139
Let v be 1 + (5 - 2) + -2. Let o = 43 - 29. Suppose 4*n = -j + 48, -v*n + 0*n + 2*j + o = 0. What are the prime factors of n?
11
Let r be ((-2)/2)/(2/(-30)). Suppose -8 = -16*t + r*t. What are the prime factors of t?
2
Let t(z) = 8*z - 1. Suppose 0 = 5*o - 21 + 1. Suppose f + f = o. List the prime factors of t(f).
3, 5
Suppose -8*b - 156 = -4*b. Let i = -16 - b. List the prime factors of i.
23
Let r be (2 + 8)/(2/(-2)). Let p = r + 16. List the prime factors of p.
2, 3
Suppose -1 + 13 = z. Suppose -2*p + z = -0*p. List the prime factors of (p/(-12))/((-2)/24).
2, 3
Let z be 10/2 + 0 + -3. Let t be 23/((4/z)/(-2)). Let q = -16 - t. List the prime factors of q.
7
Let r(i) = -i**2 + 5*i + 1. Let t = 8 + -4. Let u be r(t). Suppose 0*d - 40 = -u*d. What are the prime factors of d?
2
Let v(k) = 7*k**2 + k - 4. Suppose -4*z = -4*q - z + 21, -z = 3. Let s be v(q). Let x = -42 + s. What are the prime factors of x?
2, 5
Let j = 3 - -2. Suppose j = -0*o - o, 2*b - 2*o - 16 = 0. What are the prime factors of b?
3
Let m(b) = b**2 + 5*b + 2. Let a be m(-4). Let t = 4 + a. Suppose -4*g + 4*k = -9 - 43, -3*g - t*k = -29. List the prime factors of g.
11
Let m be (-8)/3 + (-1)/3. Let q(x) = x + 5. Let z be q(m). Suppose -2*h = b - 10, z*b + 8 = 4*b + h. List the prime factors of b.
2
Suppose s - 3*f - 3 = 6, -5*s - 2*f = -28. Let q = 42 - s. List the prime factors of q.
2, 3
Let j = -9 - -15. Let k be 1 - (-3 - (0 + 0)). Suppose -k*v + 22 + j = 0. What are the prime factors of v?
7
Suppose -3*v = 2*i - 22, -19 = -3*v + 2*v - 3*i. Suppose 0 = v*x + g - 72, -3*g + 5*g = -2*x + 36. List the prime factors of x.
2, 3
Suppose 0 = q - 0*q - 6. Suppose 0 = -5*h - 3*g + 112, 0 = q*g - 2*g - 16. What are the prime factors of h?
2, 5
Let i(g) = g**2 + 5*g - 6. Let d be i(-6). Suppose d*a - 5*a + 68 = -3*s, 3*a - 37 = -2*s. List the prime factors of a.
13
Suppose -3*z - 156 = -3*n + 318, 4*n - 2*z = 630. List the prime factors of n.
157
Let j be 4/6 - 201/(-9). Let h = j - -6. Suppose -3 = 5*d + 17, -d + h = 3*b. List the prime factors of b.
11
Suppose 3*p - 34 = -5*t, 0 = 5*p + 4*t - 5*t - 10. Suppose -p*b - 60 = 2*b. Let w = b - -25. List the prime factors of w.
13
Let r(h) = 26*h**3 - h**2 - h + 1. What are the prime factors of r(1)?
5
Let k(s) = 9*s - 7. Let q(d) = 5*d - 4. Let c(t) = 6*k(t) - 11*q(t). Suppose 2 = -3*g + 2*g. List the prime factors of c(g).
2
Suppose -18*z + 16*z + 20 = 0. Let j = -2 + 0. What are the prime factors of -1*(-3 - j)*z?
2, 5
Let n be 2/(-8) + 213/4. Let v = -38 + n. Suppose 3*r - v = 3. What are the prime factors of r?
2, 3
Suppose -5*s - 2*q + 11 = 0, -4*q - 5 - 3 = 0. Suppose -3*n - 61 = 4*u, -33 = 2*u + s*n - 2*n. Let m = u + 43. What are the prime factors of m?
2, 3
Let l(b) = b**2 - 10*b + 4. Let f be l(10). Suppose -4*k = 5*c + 37, 5*k - 4*k = f*c - 4. List the prime factors of 2 + (1 - 0) - k.
11
What are the prime factors of -6*((-570)/20 - (3 - -1))?
3, 5, 13
Suppose 0 = 2*p - 0*p + 2*g + 220, 2*g = -5*p - 550. Let q = -78 - p. List the prime factors of q.
2
Let d(a) = -5*a - 4. List the prime factors of d(-7).
31
